et b(w) = -w**3 + 8*w**2 - 4*w - 10. Calculate the remainder when h is divided by b(v).
9
Let b(a) = -6*a**3 - a**2 - 2*a + 1. Let n(g) = 5*g**3 + g - 2. Let y(u) = 4*b(u) + 5*n(u). Calculate the remainder when 13 is divided by y(5).
1
Let u = -1 + 3. Suppose -u*k = 17 - 121. Let x = k - 30. What is the remainder when 65 is divided by x?
21
Let z(s) = -71*s - 2. Let q(a) = 4048*a + 115. Let b(y) = 2*q(y) + 115*z(y). Calculate the remainder when b(-1) is divided by 14.
13
Suppose -2*x + 13 = -3. Let g = -1 + x. Suppose -g*p = -3*p - k - 130, -3*k = 2*p - 72. What is the remainder when 129 is divided by p?
30
Let s be 6/(-4)*(-182)/39. Let t = 34 - s. Suppose 0 = -4*p + p - 4*l + 34, 2*l - 24 = -2*p. Calculate the remainder when t is divided by p.
13
Suppose -755*x + 746*x = -180. What is the remainder when x is divided by 7?
6
Let r(c) = -811*c**3 - 4*c**2 - 3*c - 1. Calculate the remainder when r(-1) is divided by 18.
17
Calculate the remainder when 285 is divided by (-236)/(-9) - (-32)/(-144).
25
Suppose -38*i - 50*i + 5808 = 0. What is the remainder when i is divided by 38?
28
Let n(y) = 56*y**2 + 2*y. Let o(s) = -s**2 - 23*s - 21. Let x be o(-22). Let m(j) = 8*j - 2. Calculate the remainder when n(x) is divided by m(4).
28
Let o = -13 + 37. Let m = -3 + 3. Suppose 3*h + h = -p + 377, -h - 5*p + 118 = m. What is the remainder when h is divided by o?
21
Suppose -3*q + j + 50 = 0, 2*j + 2*j = 4. Let k = -15865 - -15898. What is the remainder when k is divided by q?
16
Let l(s) = s**3 + 10*s**2 - 6*s + 12. Suppose -c + 30 = 4*h - 3, -3*c + 108 = 3*h. What is the remainder when l(-9) is divided by c?
36
Let a(m) = m**2 - 10 + 17 - 4*m - 102*m**3 + 3*m - 9. Suppose 0 = 5*h - 2*i - 35 - 32, -h - 3*i + 10 = 0. What is the remainder when a(-1) is divided by h?
11
Let s(k) = -12*k - 139. What is the remainder when 330 is divided by s(-21)?
104
Suppose 5*f = -0*f + 2*c + 109, -2*c = 4. Suppose -z + 70 + 134 = 0. Suppose 5*r = z + 1. Calculate the remainder when r is divided by f.
20
Suppose -5*l + 14 = -3*q - 0*l, 4*q = 2*l. What is the remainder when 4 is divided by q?
0
Suppose 2*v - 36 = 8*v. Let c(t) = t**2 + 3*t - 5. Calculate the remainder when 90 is divided by c(v).
12
Suppose n = 2*o + 15, 0*n - 2*n = 2*o + 24. Let d(k) = -19*k - 31. Calculate the remainder when d(o) is divided by 47.
46
Let b(n) = n**3 - 4*n**2 + 6. Let l be b(3). Let z(s) = 4*s**2 + 6*s - 2. Calculate the remainder when 29 is divided by z(l).
13
Let l = -60 + 81. Calculate the remainder when 334 is divided by l.
19
Suppose -65*k + 64*k - 16 = -s, -s = -4*k - 19. Calculate the remainder when 17 is divided by s.
2
Let w(s) = s**3 - 7*s**2 - 13*s + 50. Let q(r) = -7*r + 8. Let y be q(-8). Suppose -2*b = -5*b, 4*d + b = y. Calculate the remainder when d is divided by w(8).
6
Let q(a) = -a**2 - 16*a - 22. Let j(i) = -2 + 3*i + 3*i - 4*i - 3. Let s be j(-4). Calculate the remainder when 66 is divided by q(s).
15
Let h = 10 + -5. Suppose -3*y + 2*u + 37 = u, 0 = -h*y - u + 59. Let v = -4 + y. What is the remainder when 47 is divided by v?
7
Suppose -j - h - 6 = -3*h, 6 = 4*j - 2*h. Calculate the remainder when 7 is divided by j.
3
Let g = 15 - -14. Let s = 7 + g. What is the remainder when 106 is divided by s?
34
Suppose 3*n = 7*n - 20. Suppose h = -n*s + 4*h + 39, 5*s + 3*h = 21. Suppose -2*c - 5 = -37. Calculate the remainder when c is divided by s.
4
Let a = -574 + 605. Suppose 0 = -n - 4*r - r + 29, -2*n + 5*r = -28. What is the remainder when a is divided by n?
12
Let q = -11 - -15. Suppose -12 + 58 = 2*o. Calculate the remainder when o is divided by q.
3
Calculate the remainder when 59 is divided by (-336)/280*(-12 + 2).
11
Let b = 448 + -420. What is the remainder when 167 is divided by b?
27
Let f = 34 - 21. Let c be (-9)/((-18)/4) - 4. Calculate the remainder when (-3)/c*2*85/5 is divided by f.
12
Let k(o) = o + 5. Let q(r) = 0*r + 11 - 3*r + 5*r. Let l(f) = 7*k(f) - 3*q(f). What is the remainder when 38 is divided by l(11)?
12
Suppose 3*y + 2*y = -60. Calculate the remainder when (0/2)/(-2) - -26 is divided by (y/(-8))/(15/140).
12
Suppose 0 = -t + 3*o - 20 + 21, 42 = 3*t + 4*o. What is the remainder when 14/35*(1 + 114) is divided by t?
6
Calculate the remainder when 3/5 + (-1)/(30/(-1422)) is divided by 22.
4
Suppose -5*v = -2*y + 60, 3*v = -92*y + 93*y - 28. Calculate the remainder when y is divided by 38.
2
Suppose 3*q - 6*l + 8*l - 53 = 0, -q = 4*l - 21. Let m = -8 + 11. Let r = 9 - m. Calculate the remainder when q is divided by r.
5
Suppose 0 = 4*l - 169 - 123. What is the remainder when l is divided by 8/((-4 - 0) + (-54)/(-12))?
9
Let f(c) = 35*c**3 + 1. Let r be f(1). Let x = 53 - r. Let s = 34 + -28. Calculate the remainder when x is divided by s.
5
Let c(b) = -24*b**3 + 3*b**2 + 11*b + 23. Let x be c(-3). What is the remainder when (3 + -1)*(x/14 + 2) is divided by 51?
48
What is the remainder when -386*5/(-40)*4 is divided by 28?
25
Suppose 2*b + 16 = 4*k, -5*k + k = b - 16. Suppose b = -21*m + 23*m - 26. What is the remainder when 49 is divided by m?
10
Suppose -658 = -5*v + 212. Suppose -3*g + 7*g + 4*j = -104, -g - 5*j = 46. Calculate the remainder when 21 is divided by 6/(-21) - v/g.
5
Suppose 7*u + 7 - 84 = 0. Calculate the remainder when 2 + 31 - 1 - 2 is divided by u.
8
Let r(n) = 6*n**2 - 2*n + 1. What is the remainder when (3/(-6) + -1)*(9 - 17) is divided by r(1)?
2
Let b be -3*((-10)/(-3))/(-2). Let r(d) = d + 4. Let y be r(b). Calculate the remainder when y/21 + 940/28 is divided by 12.
10
Let w(i) = 2*i**3 + 36*i**2 - 22*i - 14. Calculate the remainder when w(-16) is divided by 62.
60
Let o be 10 - -1*(-2)/1. Let c = o + -5. What is the remainder when (-165)/(-66) - (-54)/4 is divided by c?
1
Let v be (5 + -2)*12/18. Let g be (6/(-4))/(-3)*v. What is the remainder when (-2 + (g - -8))*10 is divided by 24?
22
Let m(g) = 112*g**2 + 3*g. Let z be m(-2). Suppose 16*n + 129 = 81. Calculate the remainder when z/14 - n/7 is divided by 17.
15
Let v = 126 + -88. Let c = 535 - 309. What is the remainder when c is divided by v?
36
Let d(k) = -11*k**3 + 2*k**2 + 2*k. Let z be d(-2). Suppose -4*c = -0*c - 4, -t - c + z = 0. Calculate the remainder when t is divided by 24.
19
Suppose -5*p + 685 = 5*j, 8*p - 4*p + 2*j = 546. What is the remainder when p is divided by 124?
12
Let l(r) = r**2 + 4*r + 16. Calculate the remainder when 235 is divided by l(-9).
52
Suppose -5*t = -5*r + 3*r - 483, -6*r + 36 = 0. Let p(x) = 27*x. Calculate the remainder when t is divided by p(1).
18
Let v = -1630 + 1920. What is the remainder when v is divided by 98?
94
Suppose 184*k - 188*k - 120 = -8*w, -2*w - 3*k = -6. Suppose 148 = 2*r + 3*y, -6*y + 150 = 2*r - 2*y. Calculate the remainder when r is divided by w.
11
Let c = 379 + -131. Calculate the remainder when c is divided by 57.
20
Calculate the remainder when 11/(-2)*(-7 + 5) is divided by ((-3)/4)/((-93)/496).
3
Let i(n) be the first derivative of n**3/3 - 5*n**2/2 - 4*n - 1. What is the remainder when 60 is divided by i(-4)?
28
Let d = 26 - 25. Suppose 0 = 5*z + d - 86. What is the remainder when 30 is divided by z?
13
Suppose -y - 5*f + 22 - 4 = 0, 22 = y + f. Suppose -5*h - 7 - 28 = -5*w, 2*w - 12 = 4*h. What is the remainder when y is divided by w?
7
Let q = -89 - -93. Suppose 5*b + 4*a - 106 = 0, q*b - a + 2*a = 76. What is the remainder when b is divided by 5?
3
Calculate the remainder when 285 is divided by (42/9)/((-140)/42)*-35.
40
Suppose 281 = 3*h - 2*i, 2*i - 102 = -h + i. Calculate the remainder when h is divided by 54.
43
Suppose 0*i = 2*i - 16. Suppose -447*l + 442*l + 65 = 0. Calculate the remainder when l is divided by i.
5
Suppose g - 1 = 1, 5*t - 3*g = 734. Calculate the remainder when t is divided by 5.
3
Let w be 0 + (-56)/(-10) + (-4)/(-10). Suppose r - w = -0. What is the remainder when r is divided by 5?
1
Suppose 0 = 57*k - 64*k + 392. What is the remainder when -5*((-806)/70 - 16/k) is divided by 12?
11
Let d = 40 - 35. Suppose d*n = -2*h - 2, 0 = 2*h - 6*h - 2*n + 28. What is the remainder when 13 is divided by h?
4
Let x = 226 - 215. Let o = 1 - -5. What is the remainder when x is divided by o?
5
Let t = 117 + -112. What is the remainder when 9 is divided by t/20*-10*-2?
4
Let c = -507 - -601